*2 - l**3 + 7 - 6*l**2 - 11*l + 5. Let c be u(7). What is the greatest common divisor of 44 and c?
11
Let w(u) = u**2 - 5*u - 9. Let d = 1 + 6. Let m be w(d). Let z be 6 + (-25)/((-75)/102). Calculate the highest common factor of m and z.
5
Suppose 0 = 2*v - 5 - 1. Suppose -108 = -v*c - y, c - 2*y - 36 = y. Let j(t) = t**2 - 7*t - 6. Let o be j(10). What is the greatest common factor of o and c?
12
Let l be -6*(510/36)/(-17) + 2236. Calculate the highest common divisor of l and 83.
83
Suppose -2*c = -7 - 55. Let o be c/8 + (-3)/(-24). Calculate the greatest common factor of 1 and o.
1
Let a be ((-3)/((-15)/25))/1. Suppose c = 5*s - 242, -a*s + 106 = -3*s - 5*c. Calculate the highest common divisor of 72 and s.
24
Suppose -26 = -3*i + 13. Suppose 184 = 4*z + 5*d, z = 3*d + 16 + i. Calculate the greatest common divisor of z and 369.
41
Suppose -105*h + 34477 = -10568. Let t(i) = i**2 + 2*i - 9. Let n be t(6). Calculate the highest common divisor of h and n.
39
Suppose -5*o + 15 = -0*o. Suppose -2*t + o = -u, t + 4*u - 12 = 3*t. Let d = -247 + 267. Calculate the highest common divisor of d and t.
4
Suppose 0 = 2*f + f + 3*q - 120, 0 = -2*f + 2*q + 68. Calculate the greatest common divisor of f and 111.
37
Let w(i) = i**2 + 2*i - 10. Suppose r + 5*j = 4*j - 9, 5*r + 3*j = -41. Let t be w(r). What is the highest common factor of t and 100?
25
Let i = 19 + -16. Suppose 0 = -i*d - 2*d - 5*q + 170, 0 = 3*d + q - 92. Calculate the greatest common divisor of d and 261.
29
Let r(m) = -6*m**3 - m**2 - m - 1. Let s be r(-1). Let i(b) = -10*b - 75. Let u be i(-10). Calculate the highest common factor of u and s.
5
Let k = -24 - -21. Let g be (k/(-2))/(93/3844). What is the greatest common factor of g and 93?
31
Suppose x + 3*q - 15 = 8*q, 2*x = 4*q + 24. Let f = 12 + -7. Suppose f*i - 105 = -s - 3*s, -4*i + 95 = s. Calculate the highest common divisor of i and x.
5
Let x = 23 + -18. Suppose 0*i = 3*j - i - x, 5*j + 3*i = -1. What is the highest common divisor of 1 and j?
1
Let u be (-22)/6 - (-14)/21. Let i = u - -19. What is the highest common factor of i and 8?
8
Let w(v) = -v**2 + 17*v - 22. Suppose -2*f + 130 = 8*f. Let r be w(f). What is the greatest common divisor of 12 and r?
6
Let r be 0/(-3 + 4 + -4). Suppose h + 40 - 112 = r. What is the highest common divisor of 18 and h?
18
Let h(b) = b**2 + 3*b. Let l be h(5). Suppose -4*q + 0*q + l = -2*s, 4*s + 32 = 2*q. Let j = 0 + 40. What is the highest common factor of q and j?
8
Let h be (-4)/46 - 5*1628/(-506). Calculate the highest common factor of 464 and h.
16
Let v = 530 - 492. What is the greatest common factor of v and 342?
38
Suppose 0 = -3*o - 19 + 118. Let v(m) = m**3 + 9*m**2 + 8*m - 27. Let g be v(-6). What is the greatest common factor of o and g?
33
Let a = -19 + 25. Suppose 0 = -3*f - 12*f + 630. Calculate the highest common divisor of f and a.
6
Suppose r + 357 + 343 = 4*a, -5*a - 5*r = -900. Calculate the highest common factor of a and 11.
11
Let v be (-160)/(-13) + 188/(-611). Calculate the greatest common factor of v and 1188.
12
Let n be 736 + -7 + -7 - 2. Calculate the greatest common divisor of 15 and n.
15
Let b(d) = -5*d - 7. Let g be b(-4). Suppose 5*c - j = g, 3*c + j = 6*j - 1. Suppose -c*y - 1 = -10. What is the highest common divisor of y and 1?
1
Let f = 46 - 8. Suppose 4*u = -3*q + 4 + 46, 2*u + f = 2*q. Calculate the highest common divisor of 27 and q.
9
Let m(y) = -y - 2. Let f be 3*-2*10/6. Let g be m(f). Calculate the highest common divisor of g and 20.
4
Suppose 0 = -14*b - 1563 + 5931. Calculate the highest common factor of b and 12.
12
Suppose 0*c - 46 = -2*c - 2*g, -5*c = 4*g - 117. Suppose -c = -7*d + 10. Calculate the greatest common factor of 25 and d.
5
Suppose 0 = -n + 5*c + 2, -6 = 7*n - 10*n - 2*c. Suppose n*w = 19 + 3. What is the highest common factor of w and 77?
11
Let g(p) = p**2 - 2*p - 3*p - 1 - 4. Let n be g(10). Suppose -5*w + 9*d = 4*d - 100, -5*w - 3*d + 84 = 0. What is the greatest common divisor of n and w?
9
Let l = -3 + 6. Let k be 7 + (0 - l - -4). Let z = 107 + -51. Calculate the highest common divisor of k and z.
8
Suppose 3*v = 4*y - 1, -2*y + 4*v + 4 = 16. Suppose 0*s + 2*c = -3*s + 32, -5*s + 52 = 3*c. What is the greatest common factor of s and y?
4
Let a(p) = -4*p - 2. Let t be a(-7). Let d be (t/(-8))/(8/(-64)). Suppose -2*x + 54 + 76 = 0. Calculate the highest common factor of x and d.
13
Let x(t) = -22*t + 50. Let l be x(-5). What is the greatest common factor of 20 and l?
20
Let d = 20 - 24. Let f = 19 - d. What is the highest common factor of 69 and f?
23
Suppose 7*l - 40 = 2*l. Suppose 2*n = -0*w + 2*w - l, -2*w + 4 = -n. Suppose -4*z + 328 - 20 = w. What is the greatest common factor of 7 and z?
7
Let m be ((-19)/(-38))/((2*-1)/64). Let b be (-220)/(-32) - 2/m. Calculate the highest common factor of b and 77.
7
Suppose 133 = -5*t - 7. Let f = t + 202. Suppose -j = 5*c - 3*c - 171, f = 2*c + 4*j. Calculate the greatest common factor of 34 and c.
17
Let p = 899 - 783. What is the greatest common divisor of 8 and p?
4
Suppose 0 = -d + 5*u + 364, 5*d + 3*u - 1569 = 251. Suppose q + q = d. Calculate the highest common divisor of 26 and q.
26
Let d(a) = -30*a + 381. Let r be d(-2). Calculate the greatest common divisor of r and 315.
63
Let m be 42*((-3)/(-5))/(45/50). Calculate the greatest common factor of 21 and m.
7
Let i(x) = -10*x + 18. Let u be i(-2). What is the greatest common factor of u and 95?
19
Let f = 89 + 55. What is the greatest common factor of f and 16?
16
Suppose 7*o - 290 = 466. What is the highest common divisor of 378 and o?
54
Suppose -15 = 5*d - 6*z + 7*z, 0 = 4*d + 3*z + 12. Let m be ((-132)/(-1))/(0 - (d + 2)). What is the highest common divisor of 88 and m?
44
Let m = 3 - -7. Suppose -4*c + 2*c = -m. What is the greatest common factor of c and 35?
5
Let b be (506/8)/((-10)/(-40)). What is the greatest common divisor of b and 69?
23
Suppose -x - 4*n + 505 = 0, -2*x - 3*n + 1024 = -2*n. Let o = -338 + x. What is the highest common divisor of 25 and o?
25
Suppose 3*x = x + 92. Let o = 58 - x. Calculate the greatest common factor of o and 6.
6
Suppose 5*b + 2*s - 156 = 0, 0 = -4*s + 6 + 6. What is the highest common divisor of 20 and b?
10
Let j(n) be the first derivative of n**2 + 7*n - 4. Let s be j(3). Suppose -s*i = -9*i - 132. What is the highest common factor of 3 and i?
3
Let d be -8 + -4 + 6 - (-26 - 1). What is the greatest common divisor of d and 42?
21
Let f = -16 + 71. Let b = f - 31. Suppose 5*s - 2*s = b. Calculate the highest common factor of 64 and s.
8
Suppose 396*z = -5*j + 392*z + 510, -4*z - 20 = 0. Calculate the greatest common factor of 5194 and j.
106
Suppose 640 = 5*c - 795. What is the greatest common divisor of c and 82?
41
Suppose -2*f + 2 = -6. Suppose -u + 2 = -c, -f*u = -9*u. Let n be (6/(-18))/(c/18). Calculate the highest common divisor of 21 and n.
3
Suppose 862*s = 861*s + 32. What is the greatest common factor of 40 and s?
8
Suppose -5*a - 2*l = 19, 2*l + 6 = -l. Let g = 2 - a. Calculate the greatest common divisor of g and 55.
5
Let q = 640 + 425. Calculate the highest common factor of q and 15.
15
Let y = -214 - -365. Suppose -4*v - y = -503. Calculate the highest common divisor of v and 11.
11
Suppose n = -4*z + 2*n + 27, -3*n - 1 = -2*z. Let s(d) = 2*d + 12. Let o be s(z). Let y = 17 - 10. What is the highest common factor of o and y?
7
Suppose 6*r - 12*r + 2664 = 0. Suppose 2*l - 447 = 5*g, -3*l + l = -4*g - r. Calculate the greatest common divisor of 24 and l.
24
Suppose -q = -3*z + 16, -2*q - 31 = -3*z - 4*q. Let b be 2*-3*28/(-24). What is the greatest common factor of z and b?
7
Let q(f) = -f**3 - 10*f**2 - 16*f - 73. Let p be q(-10). Calculate the highest common divisor of p and 464.
29
Suppose -2*x + 20 = -7*x. Let j = x + 20. Suppose 41 = -2*g + 121. Calculate the greatest common factor of g and j.
8
Let w(n) = -n + 5. Let m be w(-4). Let l = 2718 - 2691. What is the greatest common divisor of l and m?
9
Suppose -11*p + 1489 - 818 = 0. Calculate the greatest common factor of 1 and p.
1
Suppose -787 = 5*l - 837. What is the greatest common divisor of l and 490?
10
Let b(u) = 2*u + 102. Let o be b(0). Suppose -13*z + 209 + 675 = 0. Calculate the highest common fac